 - 58. Suppose 3*i - 1 = 2*i. Calculate the highest common divisor of i and q.
1
Let y = 156 - 258. Let u be (y/8)/((-6)/16). Calculate the highest common factor of 17 and u.
17
Suppose -2*a = 4*t - 50, 0 = -t - 4*t + a + 52. What is the greatest common divisor of 44 and t?
11
Suppose 4*b + 68 = 244. What is the highest common divisor of b and 4?
4
Let o(u) = -3*u**3 + 10*u**2 + u + 3. Let c(v) = -v**3 - v**2 + 1. Let q(l) = -2*c(l) + o(l). Let n be q(12). What is the greatest common divisor of n and 26?
13
Suppose 0*g + g = -144. Let s be 10*(g/20)/(-1). What is the highest common divisor of 9 and s?
9
Suppose 7 = 2*f - 3. Suppose 5*p = 4*k + 319, 236 + 74 = f*p + 5*k. Calculate the highest common divisor of 9 and p.
9
Suppose 0 = -a + z - 6*z + 16, -2 = -2*a + 5*z. Let p = -2 + a. Suppose -3*q + 3 = 2*n - 2, p*n + 4*q = 12. What is the greatest common factor of n and 36?
4
Let w be 2 + 11 + -1 + 2. Suppose 4*z + 15 - 183 = 0. Suppose 2*u - 14 = -m, -u = -3*m + 2*u + z. What is the greatest common divisor of m and w?
14
Suppose -2*s = -2*z - 38, z - 112 = -4*s - 11. Suppose 0 = -2*a + 6*a - s. Let r be ((-12)/(-30))/(1/105). What is the greatest common divisor of a and r?
6
Let q = 61 - 28. Let o be (-4)/10 + 34/10. Suppose 0 = -o*j + 9, 2*j - 21 = -5*n - 0*j. What is the highest common divisor of n and q?
3
Let i be 3/((-32)/(-28) - 1). What is the highest common factor of 7 and i?
7
Let l(y) = -y**3 - y**2 + y - 18. Let g be l(0). Let b = g + 24. Calculate the greatest common factor of b and 30.
6
Let m be 42/8*(5/5 - -3). Calculate the highest common divisor of 231 and m.
21
Let w be (17 - 15)*(1 - 0/1). Calculate the greatest common factor of w and 4.
2
Let z = -7 - -109. Let g be (1 + -35*1)/(-2). Calculate the greatest common factor of z and g.
17
Suppose -2 = -4*c + a, 0 - 4 = -3*c + 2*a. Suppose -4 = -2*k + 5*r, c = 7*k - 3*k - 3*r + 20. Let n = 40 + k. What is the greatest common divisor of n and 4?
4
Let i be (-2)/7 - 312/(-14). Suppose -5 = x, -2*g + 4*g = 4*x + i. Suppose -y + 13 - 6 = 0. Calculate the greatest common factor of y and g.
1
Suppose 5*c + 20 = 2*k, 0*k + 4*c - 36 = -k. What is the greatest common divisor of k and 8?
4
Suppose 9 = -2*l + q + 3, -5*l = 5*q + 15. Let i be 1 + l*8/(-6). What is the greatest common divisor of i and 5?
5
Suppose 10*v = 15*v + 20. Let a = 16 - v. What is the greatest common divisor of a and 20?
20
Let a(f) = 2*f - 4. Let d be a(3). Let c = 9 + d. Let o be 0 + (-2 - -1) + c. What is the greatest common divisor of 25 and o?
5
Let q = 30 - 22. What is the greatest common divisor of 1 and q?
1
Let p = 3 + -2. Let l be -1*p*(-3 - 12). Calculate the highest common divisor of 120 and l.
15
Let a(z) = -z**3 + 7*z**2 + 2*z + 1. Let p be a(7). Suppose 0 = -2*i - 10, -2*i + 94 = 3*c - 211. Calculate the highest common divisor of p and c.
15
Let o be (-2)/4 + 19/2. Let t be (82 - 55)*(-3)/(18/(-10)). Calculate the greatest common factor of t and o.
9
Let r(s) = 2*s**2. Let i be r(-2). Calculate the greatest common divisor of 16 and i.
8
Let c = 25 - 9. Calculate the highest common divisor of c and 32.
16
Let x be (-206)/(-8) - (-7)/28. Suppose 4*n = -2*o + x, 3*n = -3*o - 18 + 48. What is the greatest common divisor of o and 7?
7
Let q(t) = t**2 - 3*t - 16. Let a be q(-5). What is the highest common divisor of a and 16?
8
Let t = 37 + -23. Let m = 132 - 6. What is the highest common factor of m and t?
14
Suppose -k + 26 + 13 = 0. Suppose -49 = -3*f - 0*j - 2*j, 2*j + 16 = 2*f. What is the greatest common divisor of f and k?
13
Let z(t) = -t**3 + 10*t**2 + t + 8. Suppose -2*y = -0*y - 84. Let r be y/(-4)*(-6)/9. Let g be z(r). Calculate the greatest common divisor of 18 and g.
18
Let y be (-29)/(-116) - ((-86)/8 - 1). Calculate the highest common factor of y and 48.
12
Let s = -55 + 66. What is the greatest common factor of s and 33?
11
Suppose -10*o = -8*o - 138. Suppose -4*u + 7 = -85. Calculate the highest common divisor of u and o.
23
Suppose -6*f + 800 = -f. Suppose -4*c = 3*t - 215, -3*c + 2*t - 4*t + f = 0. What is the highest common divisor of 125 and c?
25
Let y(i) = -i**3 - 3*i**2 - 3*i + 2. Let w be 0/7 - (-1 - -4). Let n be y(w). What is the greatest common factor of 99 and n?
11
Let x(n) = 29*n + 2. Let s be x(2). What is the highest common factor of 15 and s?
15
Let x be (6/(-18))/(1/(-42)). Suppose 3*t = -0*t + 2*p + x, 3*p = -3. What is the greatest common factor of 28 and t?
4
Let z be 52/9 - 6/(-27). Let i be 92/5 - 2/5. What is the highest common divisor of z and i?
6
Suppose 0 = r - 4*c - 39, -2*c = -r - 0*r + 31. What is the highest common factor of 253 and r?
23
Let r be -2 + (3 - 2) - -15. Let l be (r/49)/(2/14). What is the highest common factor of 3 and l?
1
Let b be (-22)/(1 + -3) - 1. Let r(g) be the first derivative of -g**3/3 + 9*g**2/2 - 7*g - 3. Let p be r(8). Calculate the highest common divisor of b and p.
1
Let d(n) = n**2 + n + 77. Let i be d(0). Calculate the highest common factor of i and 7.
7
Suppose -6 = -0*p - 2*p. Let i(o) = 20*o. Let z be i(p). Calculate the highest common factor of 15 and z.
15
Let w be ((-4)/3)/((-17)/255). Let r = 95 - w. Calculate the highest common divisor of r and 25.
25
Let h = -120 + 404. Suppose 4*t + s - h = 0, 0*t + 338 = 5*t - 3*s. Let c be (-20)/(-2)*(-14)/(-5). Calculate the greatest common factor of t and c.
14
Let m = 0 - 13. Let q = 28 + m. Calculate the greatest common factor of q and 15.
15
Let l = -512 - -534. Let r = -44 - -77. What is the greatest common divisor of r and l?
11
Let k(w) = -16*w + 17. Let c be k(-7). Calculate the greatest common factor of 86 and c.
43
Let m be (-4)/(-2) - (-51)/3 - -3. Calculate the highest common divisor of m and 44.
22
Let q(c) = c**3 + 12*c**2 + c + 9. Let i be q(-12). Let p be 1 + (6 - i/1). Calculate the highest common factor of 10 and p.
10
Let t(b) = -b**2 + 4*b - 5. Let y be t(5). Let g be ((-24)/y)/((-24)/(-80)). Calculate the highest common factor of g and 72.
8
Let h(o) = 5*o - 5. Let d be h(4). Suppose 7*v = 2*v + d. Suppose v*q = -0*q + 18. What is the greatest common divisor of q and 54?
6
Let q be (-58)/(-6) - (-2)/6. Suppose 2 + q = 4*y. Let a be ((-6)/8)/((-3)/84). Calculate the highest common divisor of y and a.
3
Let o = -12 + 9. Let l = o - -5. Calculate the highest common divisor of 16 and l.
2
Suppose 7*r + 3 = 4*r. Let u be 48*(-3)/4*r. What is the highest common divisor of u and 9?
9
Suppose 4*l + 2*a - 346 = 0, 5*l + a = 275 + 162. What is the highest common factor of l and 8?
8
Let z(b) = -b + 5. Let c be z(-7). Calculate the greatest common factor of 24 and c.
12
Let g(v) = v**2 + 12*v + 1. Let x be g(-12). Let j be x*(-1 - (-58 + 2)). What is the highest common factor of j and 22?
11
Let b be -1 + -217 - (2 - 2). Let k be b/(-11) - 6/(-33). Suppose 0 = -5*u + k + 25. Calculate the highest common divisor of u and 81.
9
Let r = -4 - -5. Let j be r*(-3 + 14/1). What is the greatest common factor of 11 and j?
11
Let v be ((-105)/10)/((-1)/8). Suppose -2*t + 148 = 2*t. Suppose y - v = t. Calculate the highest common divisor of 11 and y.
11
Let n(v) = 5*v + 9. Let q be n(11). Suppose x = -r + 14, 4*x = -x - 2*r + q. Calculate the greatest common factor of x and 84.
12
Suppose -378 = -6*q - 3*q. What is the greatest common factor of 28 and q?
14
Suppose -15 = x - 65. Suppose x = 3*t + 2*t. What is the highest common factor of t and 30?
10
Let t = 12 + 16. Calculate the highest common divisor of 7 and t.
7
Let i be (-1)/(-3)*0 - -5. Suppose -i*v = -16 - 14. Calculate the highest common factor of 60 and v.
6
Suppose -3*t = t - 352. Suppose -3*q + 74 = -j, 2*q - 4*j = -2*q + t. Calculate the highest common factor of q and 182.
26
Let s(d) = 53*d + 2. Let a be s(1). What is the highest common factor of 22 and a?
11
Let d(m) = 15*m - 1. Let h be d(2). Let q = -17 + h. Suppose 0 = -3*u + 18 + 54. Calculate the greatest common factor of u and q.
12
Suppose 0 = 2*g - 18 - 12. Calculate the greatest common divisor of 120 and g.
15
Suppose 8*y = -0*y + 24. What is the greatest common divisor of y and 2?
1
Let r be ((-14)/6)/((-3)/(-45)). Let v be (270/r)/(1/(-7)). Calculate the greatest common divisor of v and 18.
18
Let w(u) = 2*u**2 + 4*u + 3. Let r be w(-2). Let m be 0/r -